 458*w**2. Let g = 16 + -10. Determine q(g).
4
Suppose -6*s + 3*p + 15 = -2*s, -5*s + 2*p + 17 = 0. Let j = s + -12. Let u = j - -8. Let i(d) = -7*d**2 + 1. Give i(u).
-6
Suppose -5*a - 33 = 3*u, 5*u + 16*a - 11*a + 65 = 0. Let s(h) = -h**3 - 15*h**2 + 17*h + 18. What is s(u)?
2
Let y = 5 - 3. Suppose y*z = -2*z + 160. Let v be (-2)/(z/12 + -3). Let d(g) = -g**2 - 7*g - 5. Calculate d(v).
1
Let w(q) = -42 + q**2 + 43 + 0*q**2 - q. Suppose k = 5*k. Give w(k).
1
Let x be (6/9 - 0)*21. Let f(c) = -5*c + c**3 + 2*c**2 - x + 3*c + 3 + 8. Let q be 1 + (3 - 9) - -3. Calculate f(q).
1
Suppose -32*j = -95 - 97. Let p(x) be the first derivative of x**4/4 - 2*x**3 + 6*x + 2. Give p(j).
6
Let r(v) be the third derivative of -v**6/120 + v**5/10 + 3*v**4/8 - 3*v**3/2 - 2*v**2 + 25*v. Suppose 13 = -3*b + 34. Determine r(b).
5
Let o(a) = a**2 - 7*a + 3. Suppose 14 = -15*r + 44. Suppose 0 = -r*p - 4*m + 3 + 7, 4*p - 20 = 5*m. Determine o(p).
-7
Let s(k) = k**2 - 9 + k**3 - 2 - 10 + 13*k**2 - 17*k. What is s(-15)?
9
Suppose 3 = 4*z + 23. Let d(q) = -q**3 - q. Let s(u) = 4*u**3 + 5*u**2 + 14*u - 3. Let l(x) = z*d(x) - s(x). Determine l(6).
-15
Let y(i) be the first derivative of -i**5/60 + i**4/3 + 5*i**3/6 + 5*i**2/2 - 26. Let w(k) be the second derivative of y(k). What is w(9)?
-4
Let s(z) = -z - 5. Suppose 492*x - 14 = 490*x. What is s(x)?
-12
Let f(i) be the third derivative of -i**7/5040 - i**6/180 - 7*i**5/60 + 7*i**2. Let l(p) be the third derivative of f(p). Give l(-5).
1
Suppose 5*a + 0*d + d - 40 = 0, 3*d = 4*a - 13. Let y(o) = a*o - o**2 - 11 - o**2 + 7. Give y(4).
-8
Let j(z) = z**3 + 21*z**2 + 18*z - 41. Let y be j(-20). Let x(b) = -12*b**2 + b + 1. What is x(y)?
-12
Let o(d) = d**3 + d**2 - 1. Let n(b) = 2*b**3 + 7*b**2 - 5. Let y(f) = n(f) - 3*o(f). Suppose 0 = 3*x - 0*x - 18. Suppose 4 = 5*a - x. What is y(a)?
6
Let c(a) = -1 - 9*a + 0 + 1 - a**2 + 1. What is c(-8)?
9
Suppose 31 = 5*p + 4*x, -2*p + x = -19 + 4. Let l(z) = 2 - p*z**3 - 6*z - 2*z**2 - 3*z**2 + 8*z**3 + z**2. Calculate l(5).
-3
Let t(w) = w**2 - 7*w - 5. Suppose 0 = -5*n - 103 + 23. Let b = n - -23. Give t(b).
-5
Let j(p) be the first derivative of -5/2*p**2 - 40 - 1/3*p**3 + 2*p. Calculate j(-6).
-4
Let y = -8 + 6. Let g(c) = 5*c**2 + 4*c - 21. Let z(f) = -f**2 - f + 4. Let b(w) = y*g(w) - 11*z(w). Calculate b(-3).
-2
Suppose 0*f + l = -3*f + 4, l = -5. Suppose -4*o + f*u = 0, -u + 8 = 5*o - 11. Suppose 5*j - 3 - o = -q, j - 2 = -q. Let h(b) = -2*b**2 - b. Give h(j).
-3
Let u(k) = -k**2 - 4 - k**3 - 2*k**2 + 7*k + k**2 - 3*k**2 + 9*k**2. Calculate u(5).
6
Let p(j) = -2*j + 19. Let k be p(8). Suppose -5*o + 2*c = -0*o + 25, -k*o - 14 = -c. Let a(m) = 5*m - 3. Give a(o).
-18
Let w(b) = -4*b**3 + 11*b**2 - 12*b + 4. Let q(m) = m**3 - m**2 + m + 1. Let j(k) = 3*q(k) + w(k). Let g be 2 + 1 - (8 - 12). Determine j(g).
-7
Let o(a) = -6*a**2 + a + 1. Let f = 23 - 21. Suppose 2*u + f = 2*z, -2 = 2*u + 6*z - 4*z. Determine o(u).
-6
Let j(k) = -k**2 - 4. Let y(o) = o**2 + 3. Let d = 16 - 13. Suppose -2*s - 7 + d = 0. Let z(r) = s*y(r) - 3*j(r). Determine z(0).
6
Let a(c) = c**3 - 6*c**2 - 7*c + 1. Suppose 0 = -91*n + 80*n + 77. Give a(n).
1
Let m(j) be the first derivative of 1/4*j**4 - 12 - 8/3*j**3 - 4*j**2 - 13*j. Calculate m(9).
-4
Let w(b) be the second derivative of b**5/20 - 5*b**4/12 + b**3/3 - 3*b**2/2 - b - 9. What is w(5)?
7
Let a(d) = -d**2 + d + 5. Suppose 2*g - 3*q = 4*g - 14, 4*g - 3*q - 10 = 0. What is a(g)?
-7
Suppose 0 = 15*a - 4*a + 55. Let x(n) = -2*n**2 + 8*n + 9. Let w(p) = p**2 - 4*p - 5. Let v(r) = a*w(r) - 2*x(r). Determine v(6).
-5
Let y(k) = 2*k**3 - 14*k**2 - 15*k - 3. Let v be y(8). Suppose -2*g - 2*g + 6 = 5*q, -4*q + v*g - 28 = 0. Let t(w) = 4*w**2 + 2*w + 1. What is t(q)?
13
Suppose 4*i + j + 136 = 3*j, -2*i - 5*j - 44 = 0. Let g = i - -72. Suppose y - 2*y + 2*h + 3 = 0, -5*y = h + g. Let s(p) = p**2 + 6*p - 1. Determine s(y).
6
Let o(d) = -7*d + 88. Let y be o(12). Let a(g) = -g**3 + 6*g**2 - 3*g + 5. Determine a(y).
25
Let p(k) = -3*k**2 - 4*k**3 - 2*k + 1 - 17*k**2 + 20*k**2. Calculate p(1).
-5
Let s(v) = 4*v**2 - 3*v - 2. Let k = -87 + 90. Give s(k).
25
Suppose 3*q + 5 + 16 = 0. Let x(n) = -n**3 - 4*n**2 - 5*n + 7. Let d(g) be the first derivative of -g**3/3 - 1. Let i(t) = 4*d(t) + x(t). Determine i(q).
-7
Let w(z) = -2*z - 2. Let u be w(-4). Let r(g) = g**2 - g + 2. Let n be r(0). Suppose -5*i = -n*i + u. Let t(c) = -4*c - 2. Calculate t(i).
6
Let q(d) = -d + 2. Suppose -13*r + 96 + 73 = 0. Suppose 0 = p + r - 13. What is q(p)?
2
Suppose 0 = -8*n + 7*n - 8. Let p = 3 + n. Let z(t) = -2*t**2 - 2*t**2 + 3*t**2 + 5 - 5*t. What is z(p)?
5
Let w(y) = -y**2 + 7*y + 3. Let t = 96 + -93. Let u(i) = -i**2 + 3*i - 11*i - 2 + 3*i**2. Let v(r) = t*w(r) + 2*u(r). Give v(-4).
1
Let b be 4 - 157/7 - (-6)/14. Let r(k) = -k**3 - 18*k**2 + k + 18. Let s be r(b). Let n(w) = w**2 + w - 9. What is n(s)?
-9
Let a(j) = -j**2 - 4*j + 7. Let v be a(-5). Let m(z) = -2*z**2 - z + 3. Let b(l) = -l**2 + l. Let y(r) = -3*b(r) + m(r). Calculate y(v).
-1
Let o(w) = w - w**3 - 4 - 2*w**2 + 12 - w**2 - 3*w**2. Let n = 7 - 8. Let j = -7 - n. Determine o(j).
2
Let c(q) = q**2 - 4*q - 7. Let g be (-528)/(-80) + (-4)/(-10). Calculate c(g).
14
Let n(u) = -u**3 - 2*u**2 + u - 4. Let t = 1241 - 1241. Give n(t).
-4
Let l(o) = -2*o + 34. Let k(w) = -6*w + 102. Let x(j) = 3*k(j) - 8*l(j). Calculate x(13).
8
Let s(a) be the third derivative of -a**6/120 - a**5/4 - 9*a**4/8 - 8*a**3/3 + 18*a**2 - 11. What is s(-13)?
-3
Let d be -2 - (2*-5 + 2). Let c(a) = -23*a + 2. Let l(u) = 19*u - 2. Let j(q) = 5*c(q) + 6*l(q). Calculate j(d).
-8
Let i = 7 - 3. Let r(t) = 7*t**2 + 21. Let c(d) = -20*d**2 + d - 60. Let n(g) = -6*c(g) - 17*r(g). Give n(i).
-5
Suppose 38*h = 37*h + 4. Let f be h/2*(-15)/(-10). Let r(k) = 5*k + 1. Give r(f).
16
Let f(d) = 3*d - 1. Let i be 2/7 - ((-309)/21 - 3). Let l be (-3)/i*2*9. Determine f(l).
-10
Let k = 2 - -3. Suppose 10 = -7*g + k*g. Let z be g - 0 - (-6)/(-6). Let y(c) = -c**3 - 6*c**2. Determine y(z).
0
Let m(b) = b**3 - 2*b**2 - 5*b - 2. Suppose 3*i + 0*p + 6 = p, -p - 2 = i. Give m(i).
-8
Let f(m) = m**3 - 4*m**2 - 2*m - 5. Let x(v) = 6*v**3 - 21*v**2 - 11*v - 26. Let s(n) = 11*f(n) - 2*x(n). Let u be (0 - -3)/(-65 + 64). Give s(u).
6
Let k(p) be the second derivative of 1/20*p**5 - 2*p + 1/6*p**3 + 1/4*p**4 + 3/2*p**2 + 0. What is k(-3)?
0
Let r be 2/(-8) - 1*3/(-12). Suppose -8*y + 5*y + 15 = r. Let c(u) = -u**2 + 4*u + 5. Calculate c(y).
0
Let d(v) = -v**2 + 4*v - 1. Let j be d(3). Let l(m) = 2 - 3*m**2 + j*m**2 - m + 4*m. What is l(4)?
-2
Let i(v) = v + 21. Let x(q) = 4*q + 80. Let m(r) = -22*i(r) + 6*x(r). Give m(-8).
2
Let w(g) = 23*g**2 + 3*g + 16. Let f(q) = -14*q**2 - 2*q - 9. Let j(z) = 5*f(z) + 3*w(z). Determine j(1).
1
Suppose 0 = 24*o - 21*o - 2*q + 38, 4*q = o - 4. Let d(h) = -h**3 - 17*h**2 - 15*h + 6. Determine d(o).
-10
Let p(z) = -z**3 + z**2 + z + 1. Let m be (-3)/(-8) - -11*1/(-8). What is p(m)?
2
Suppose -23*d = -31*d - 56. Let m(p) = -p - 8. Determine m(d).
-1
Suppose 3*y = d + 11 - 31, -4*y = -2*d + 26. Let u(j) = j**2 + 11*j + 11. Give u(y).
-17
Let p(w) = 9*w - 5*w + 95*w**3 - 96*w**3 + 9*w**2 - 9. Determine p(9).
27
Let c(p) be the second derivative of -p**5/120 + 5*p**4/24 - 5*p**3/2 + 37*p. Let z(u) be the second derivative of c(u). Determine z(4).
1
Suppose 4*b - 2*b + 22 = 4*w, -5*w + 30 = -5*b. Let k(i) = 5*i**2 + i + 1. Give k(b).
5
Let u(j) be the first derivative of -2*j**2 - 2*j - 69. Calculate u(-1).
2
Let q(x) = x**2 - 14*x + 17. Suppose 20*v - 72 = 14*v. Let b be q(v). Let y(h) = h**2 + 5*h - 8. Calculate y(b).
6
Let y = 422 + -440. Let g(v) = -v**2 - 18*v - 6. Calculate g(y).
-6
Let x(d) = 9*d**3 - d**2 - d. Let m(c) = 25*c + 79. Let t(b) = 9*b + 28. Let v(f) = 4*m(f) - 11*t(f). Let g be -8 + 2/2*-1. Let l be v(g). Determine x(l).
-9
Let h(o) = 9 - 21 - 11 - 16*o**2 + 11*o**2 + 3*o. Let x(y) = 3*y**2 - 2*y + 15. Let q(d) = 5*h(d) + 8*x(d). Give q(0).
5
Let d = 97 - 84. Let t(i) = i**2 - 11*i - 31. Calculate t(d).
-5
Let y(n) = -57*n + 85. Let i(x) = -22*x + 29. Let g(q) = -8*i(q) + 3*y(q). Calculate g(-4).
3
Suppose -2*h = -5*d + 25, -4*d - 200 = 5*h - 154. Let q(u) = -u**2 - 10*u - 7. Calculate q(h).
-7
Let k be -1 - (-7 - -2 -